0 - n**3 + 0*n. What is d(u)?
22
Let h(b) = -17*b + 4. Suppose 74*w - 6 = -4*l + 76*w, 0 = -3*l - 4*w - 34. Give h(l).
38
Suppose 225 + 255 = 5*l. Let b be l/64 + (-6)/4. Let o(a) = 4*a - 5. Let s(k) = -3*k + 3. Let x(v) = 5*o(v) + 7*s(v). Calculate x(b).
-4
Let y(x) be the first derivative of 2*x**3/3 - 2*x**2 + 2*x - 144. What is y(5)?
32
Let p(u) = -u**2 + 12*u - 21. Let q(k) = 2*k**2 + 157*k + 315. Let c be q(-2). Give p(c).
6
Let a be 102/12 - 1/(-2). Let o(n) be the second derivative of -12*n - 1/20*n**5 + 0 + 5/6*n**4 - 5*n**2 - 7/6*n**3. What is o(a)?
8
Let m(s) be the first derivative of -s**2/2 - 29*s - 1324. Calculate m(-8).
-21
Let u be (0 + (-5 - -6))/(2/4). Let d = -13 - -19. Let o(j) = u*j**2 - 6*j - d*j**2 + 3*j**2. Determine o(-7).
-7
Let y(l) be the third derivative of l**5/60 + l**4/3 - 19*l**3/6 + 205*l**2 + 2*l. What is y(-10)?
1
Let i(f) = -f + 40. Let g(j) = 7. Let h(k) = -11*g(k) + 2*i(k). Determine h(3).
-3
Let j(w) = -11*w**2 + 16*w + 20. Let h(t) = -6*t**2 + 8*t + 10. Let k(o) = 13*h(o) - 7*j(o). Give k(7).
-115
Let u(h) = 4*h**2 + h + 2. Let b be (19 + 5)*(-16)/(-24). Suppose -3*c + b*c - 26 = 0. Give u(c).
20
Suppose 0*x + 3*v + 43 = 2*x, -57 = -3*x + 3*v. Let c(a) = -2*a - 27 + x + 10. Give c(3).
-9
Let s(t) = 5*t**3 - t**2 + 2*t + 5. Let o(z) = -z**3 - z**2 - z - 1. Let n(v) = 4*o(v) + s(v). Let a = 2533 - 2527. Calculate n(a).
25
Let b(o) = -o**3 + 9*o**2 - 12*o + 23. Let y be b(8). Let g(d) be the third derivative of d**4/4 + 2*d**3 - d**2 - 7. What is g(y)?
-42
Let g(o) = -o**3 - 9*o**2 + 17*o + 9. Let x be 488/(-44) + 11/121. Determine g(x).
64
Let j(n) be the first derivative of -3*n - 1/3*n**3 + n**2 + 69. What is j(2)?
-3
Suppose 100*t = 89*t + 88. Let i(y) = -13*y + 2*y**2 + 1 - y**2 + 10. Calculate i(t).
-29
Suppose -19 = 4*p + 29. Suppose c - 1 = t, 0 = 2*t + 3*c - 35 + 7. Let f = t + p. Let k(h) = -h**3 - 6*h**2 + 4*h - 1. Give k(f).
20
Let v(q) = -4*q**3 - 3*q**2 + 24*q - 22. Let i(c) = 3*c**3 + 3*c**2 - 19*c + 21. Let o(u) = 5*i(u) + 4*v(u). Give o(4).
5
Let h be 16/(-9) - 10/45. Let p be (0 - h) + -3 + -4. Let a(f) = -2*f + 13. Let l(q) = -q + 1. Let b(x) = a(x) - 3*l(x). Calculate b(p).
5
Let q(o) = -19*o**3 + 12*o**2 + 2. Let h(j) = 16*j**3 - 11*j**2 + j - 2. Let g(i) = -6*h(i) - 5*q(i). Let k be (-1)/((-2)/6) - (-2)/2. Determine g(k).
10
Let w(i) = -4*i**3 + 31*i**2 - 33. Let t(h) = -3*h**3 + 21*h**2 - 22. Let m(p) = -7*t(p) + 5*w(p). Let n be (33 - 24) + -27 + 10. Calculate m(n).
-11
Let r(w) = w**3 - 4*w**2 + 4*w - 1. Let i be 2/(-18)*-3 + 2944/(-138). Let u be 5/2 + -1 + i/(-14). Give r(u).
2
Let k(y) = -38*y + 1034. Let x(i) = -15*i + 413. Let j(s) = -5*k(s) + 12*x(s). Give j(21).
-4
Let c(a) = 4*a. Let l = 132 - 257. Let f = l + 126. Determine c(f).
4
Let h(o) = -25*o**2 + o + 8 - 4*o - 4*o + 26*o**2. Let q be 14/(-8)*4*(1 + -2). Suppose 63*j = 64*j - q. What is h(j)?
8
Let g(j) = 17*j + 10*j**3 + 7 - 17*j**3 + 5*j**3 + j**3 - j**2. Let x be g(4). Let c(r) = r**3 + 6*r**2 + 5*r + 1. Determine c(x).
1
Let a be (-14 + 9)*(-24)/5. Let u(b) = a*b**2 - 4 + 19*b**2 - 42*b**2 - 11*b. Calculate u(11).
-4
Let z(f) = -12*f + 17. Let g(k) = 26*k - 43. Let x(p) = -78*p + 128. Let w(b) = 17*g(b) + 6*x(b). Let n(o) = -4*w(o) + 9*z(o). Calculate n(-4).
21
Let v(p) = -p**2 - 4*p + 4. Let t(i) = -i**3 + 8*i**2 - 5*i + 2. Let h be t(5). Suppose 88 + h = -28*g. What is v(g)?
-1
Suppose 0 = n + 2*n + 18, 10*n + 6 = 2*h + 7*n. Let s(w) = w - 1. Let x(f) = -2*f + 1. Let v(y) = -3*s(y) - 2*x(y). Determine v(h).
-5
Let g(t) = -t**3 + 9*t**2 - 12*t + 11. Let l be g(7). Let f = 28 - l. Suppose 11 = f*c - 4. Let d(s) = -s + 3. Give d(c).
-2
Let u(o) = o - 16. Let t(d) = -d + 17. Let j(n) = 3*t(n) + 2*u(n). Let s be 1*((-1 - 5 - -12) + 11). What is j(s)?
2
Suppose 683 = 3*y + 128. Suppose -4*c + y - 217 = 0. Let i(z) = z**2 + 9*z - 6. Calculate i(c).
-14
Let a(f) be the second derivative of -f**3/6 + 13*f**2/2 - 3720*f. Determine a(7).
6
Let w(c) = 79*c + 55. Let y = -29240 - -29239. Calculate w(y).
-24
Let a(m) = 58*m**2 + 4*m + 4. Let h = -5416 - -5415. Give a(h).
58
Let b(f) be the second derivative of -f**5/20 + 7*f**4/12 - f**3 + 15*f**2/2 - 206*f + 2. Determine b(6).
15
Let h(a) be the third derivative of a**4/4 + 25*a**3/6 - a**2. Let l = -17464 - -17458. Let z(c) = 7*c + 26. Let s(t) = l*h(t) + 5*z(t). Give s(0).
-20
Let j(d) = -d**2 - 8*d. Let o be (-23)/(1242/(-90)) - (0 - 104/(-12)). Calculate j(o).
7
Let l(b) = -3*b**2 + 9*b + 1. Let w be l(4). Let q = 13 + w. Let o(j) = 1 - j**q - 1 - 1 - 6*j - 2. Determine o(-5).
2
Let n(a) = -a**3 - 4*a**2 + 4. Let w(s) = 34*s**2 - 103*s. Let l be w(3). Give n(l).
-5
Suppose -12967 = -6*i - 13087. Let r(q) = q**2 + 20*q - 5. Give r(i).
-5
Let m(c) = c**2 - 3. Suppose -2*v = -v + 24. Let u = -25 - v. Let i be 0/u + (1 - 3 - -2). What is m(i)?
-3
Let o(n) = 45 - 30 - 7 - 9 + n - 14. What is o(-29)?
-44
Suppose 15 = 4*m - m. Suppose 12*f - 5*p = 15*f - 20, -m*f - 5*p + 30 = 0. Let w(v) = 1. Let r(q) = -q**2 + 5*q - 11. Let y(i) = r(i) + 5*w(i). Determine y(f).
-6
Let a(n) be the first derivative of -6*n - 3/2*n**2 - 3. Give a(-4).
6
Let w(n) = n**3 - 9*n**2 - 2*n + 13. Let s = 7 - -7. Suppose -s*m + 434 = -0*m. Let z = m - 22. What is w(z)?
-5
Let l(n) = 604*n - 1817. Let m be l(3). Let f(x) = -4*x**2 - 19*x - 8. Give f(m).
-13
Let f(q) = 3*q**2 - 10*q + 8. Let u be f(6). Let o = u - 47. Suppose -p - 5*k - 3 = 0, 3*k = p + 2*k - o. Let i(c) = -c + 10. Give i(p).
3
Let c(p) = p + 4. Let f be c(2). Let a(j) = 9*j - 20. Let r be a(f). Let y = r + -37. Let m(i) = i**2 + 2*i + 2. Determine m(y).
5
Suppose -104 + 19 = -5*z. Let c(d) = 80*d**2 + 40*d - 3. Let i(b) = 27*b**2 + 14*b - 1. Let f(w) = z*i(w) - 6*c(w). Calculate f(1).
-22
Let p = 29 + -23. Suppose 3*c - 4*m = 52, c - m + 79 = p*c. Suppose 2*f - c = -a, -5*a + 36 + 9 = 5*f. Let x(d) = d**2 - 8*d + 2. Give x(f).
-5
Let r(w) be the second derivative of w**4/12 - 10*w**3/3 - 14*w**2 + 6*w - 73. What is r(21)?
-7
Let k = -832 - -837. Let x(q) = -8*q + 13. Determine x(k).
-27
Let p(j) be the third derivative of -j**6/60 + j**5/20 + j**4/4 - j**3/3 - 387*j**2. What is p(4)?
-58
Let p(x) be the third derivative of -x**3 + 1/4*x**4 + 0 + 219*x**2 + 0*x - 1/60*x**5. What is p(5)?
-1
Suppose 0 = -5*m - 2*u + 19, 19*m + 14 = 20*m - 3*u. Let d(n) = 33*n - 175. Determine d(m).
-10
Let r(w) = -323*w - 474. Let h(q) = 58*q + 95. Let p(l) = -11*h(l) - 2*r(l). Give p(0).
-97
Let x(r) = -11*r**2 + 8*r - 6. Let j(t) = t**3 - 3*t**2 - t + 2. Let l(u) = -j(u) + x(u). What is l(-9)?
-8
Let n(u) = -u - 2. Let b be n(-2). Suppose -m + b*m = 0. Suppose 0 = -m*w - 6*w - 54. Let g(x) = x**3 + 8*x**2 - 9*x - 4. Calculate g(w).
-4
Let r(m) = m + 5. Let c = -76 - -132. Suppose -6*p - c = -2*p. Let z be (p/(-4) + 3/(-2))*-3. Determine r(z).
-1
Let m(q) be the second derivative of 9*q - 1/12*q**4 + 0*q**2 + 0 + 0*q**3. Determine m(0).
0
Suppose -4*l + 555 = -q + 648, q - 45 = 2*l. Let d(b) = b**2 + 28*b + 57. Calculate d(l).
-39
Let s(f) be the second derivative of f**6/120 - f**5/10 - 5*f**4/12 + f**3/6 - 85*f**2/2 - 58*f. Let b(p) be the first derivative of s(p). Calculate b(7).
-20
Let x(m) = -15*m - 36. Let u be (5 + 0 - 2 - 10) + -4. Let j(g) = -8*g - 19. Let s(f) = u*j(f) + 6*x(f). Calculate s(-6).
5
Let t(i) = -i**3 - 2*i + i + 3*i - 1 + i**2. Suppose -22 = -4*u + 5*c, -u - 1 = -35*c + 37*c. What is t(u)?
-13
Suppose g + 5 = 1. Let z(w) = 3*w - 10. Suppose 0 = -2*c - 2*s, -9*s + 14*s + 9 = -2*c. Let r(k) = 2*k - 9. Let h(q) = c*z(q) + g*r(q). Calculate h(-6).
0
Let n(g) = g**3 - 8*g**2 + 8*g - 8. Let r(x) = 5*x. Let y be r(4). Suppose 134*c = -847 - 709 - 186. Let k = c + y. Give n(k).
-1
Let j(h) = -7*h + 7. Let v(x) = -6*x + 6. Let t(f) = 2*f - 14. Let q be t(9). Let b(o) = q*j(o) - 5*v(o). Let g(i) = -i - 4. Let p be g(-2). Give b(p).
-6
Suppose 0 = -d + 1. Let t(m) be the third derivative of 17/24*m**4 + 0 + 201*m**2 + 1/6*m**3 + 0*m. Give t(d).
18
Let h(c) = 7*c**3 + 5*c**2 - 30*c - 21. Let a(m) be the first derivative of -3*m**4/4 - m**3 + 7*m**2 + 10*m - 40. Let v(b) = -5*a(b) - 2*h(b). What is v(-6)?
16
Let y(d) = 6*d - 5. Let u be y(2). Let x(n) = -3*n + 2*n + 12 - 6 - u. Determine x(2).
-3
Suppose -102 = -8*k - 38. Let o(s) = -2*s